igit of w?
4
Suppose -5*h + h = 8. Let q(b) be the first derivative of b**3/3 + b**2/2 - b + 2. What is the units digit of q(h)?
1
Suppose 0 = -4*h + 2*d + 82, 3*h - 3*d = 7*h - 97. Let g be 2/6 + h/6. What is the units digit of 2*(-1)/g*-14?
7
What is the units digit of (-52)/(-6) + ((-7)/(-3) - 3)?
8
Suppose 3*w = 4*v - 2*w - 206, 0 = -w + 2. What is the units digit of v?
4
Let u = -32 + 37. What is the units digit of u?
5
Suppose 0*o - 21 = -3*o + 3*s, -s = -5*o + 23. Suppose -13 = -x + t - 0*t, -5*x + 56 = o*t. Let i = x - 5. What is the units digit of i?
7
Let z(q) = q**3 - 5*q**2 + 4*q + 3. Let a be z(4). Let j = a + -11. What is the units digit of (-2)/j + 105/12?
9
Let g(p) = p**2 - 3*p - 1. Let z be g(2). Let b = -1 - z. Let h = -1 + b. What is the units digit of h?
1
Let i be (3/5)/(3/(-15)). Let h = 0 - i. Suppose -h*q = -7*q + 16. What is the units digit of q?
4
Let a be (184/16)/((-2)/(-20)). Suppose -a = -5*o - 50. What is the units digit of o?
3
Let y = 15 + -5. Suppose 0 = -2*n - 3*u + 19, 4*n - 73 = 3*u + y. What is the units digit of n?
7
Suppose 5*h - 10 = 4*r, -3*h - 5*r + 9 - 3 = 0. Let b = 7 - h. What is the units digit of b?
5
Let y(m) = 8*m + 10. What is the units digit of y(7)?
6
Suppose 3*w = -6*o + 2*o - 1, -5*w + 5 = 5*o. Suppose w*p - p - 60 = 0. What is the units digit of p?
5
Suppose 5*k - 3*i - 1 = -23, -i = 2*k. Let l be 8*(2 + -1)/1. Let w = k + l. What is the units digit of w?
6
Suppose -5*u + 37 = 3*z, -u - 10 - 1 = -4*z. Suppose -i = 4*i - 30. Suppose -z*n = -26 + i. What is the units digit of n?
5
Let u(g) = g**3 + 4*g**2 - 3*g + 11. Let d be (-2)/6 + (-6)/9. Let a(r) = -r + 1. Let v(c) = d*u(c) + 6*a(c). What is the units digit of v(-4)?
7
Suppose 4 = 2*t - 40. What is the tens digit of t?
2
Let o = 1 + 5. Let y = -6 + o. Suppose -4*x + 33 = 5*m - 6, y = 3*m + x - 22. What is the units digit of m?
7
Let b be (0 - (2 - 2)) + -25. Let w = -10 - b. What is the units digit of w?
5
Suppose 4*z - 18 = -p + 5*z, 4*p = z + 78. What is the units digit of p?
0
Let l = -86 - -47. Let y be 29/(-9) - (-4)/18. What is the tens digit of l/y - (0 + -1)?
1
Let b = 56 - -89. What is the hundreds digit of b?
1
Let l(v) = 9*v - 4. Let m(k) = k**3 - 5*k**2 - 6*k - 3. Let f be m(6). Let p be l(f). Let z = -18 - p. What is the tens digit of z?
1
What is the tens digit of (171/(-15))/((-2)/10)?
5
Suppose -y = 3, -2*t + 57 = t + 5*y. What is the tens digit of t?
2
Suppose -2*h - 50 = -4*r, -5*r - 2*h + 52 = -h. What is the units digit of r?
1
Let u(b) = 25*b + 24. What is the units digit of u(6)?
4
Let t(o) = o**3 + 14*o**2 + 12*o - 5. Let b = 2 - 15. What is the units digit of t(b)?
8
Let p = 62 - 25. What is the tens digit of p?
3
Suppose -3*t + t + 120 = 0. Suppose -3*v = 3*u - 42, 2*v - 2*u = 6*v - t. What is the tens digit of v?
1
Let b(x) = -5*x. Let u be b(-1). Suppose 0 = -w + y, w - u*y + 2 = -2. What is the units digit of w?
1
Let f(p) = p**3 - 2*p**2 + 1. Let t be 27/6*4/6. What is the units digit of f(t)?
0
Let w(d) = d**2 - 5*d + 4. Let f(o) = 5*o**2 + o - 1. Let k be f(1). Let a be w(k). Let r(g) = 3*g - 5. What is the units digit of r(a)?
7
Suppose 3*d - 7 = 2. Suppose 0 = d*p - 15, 2*w = 3*p - 0*p - 21. What is the units digit of (-12)/w - (-1)/(-1)?
3
Let c(v) = 5*v + 4. What is the tens digit of c(3)?
1
What is the units digit of ((-7)/14)/(((-3)/(-388))/(-3))?
4
Suppose 16*j = 11*j - 5. What is the tens digit of (39 - j)*(9 - 8)?
4
Let s(w) be the first derivative of w**4/4 + w**3/3 - w**2 + 3*w - 3. Let v(p) = -p + 7. Let a be v(5). What is the units digit of s(a)?
1
Suppose -d + 0 = -2. Suppose -5*s + 9 = -d*s. What is the units digit of s?
3
Let r = 2 + 8. What is the units digit of r?
0
Let n(i) = i - 6. Let s be n(7). Let j(r) = 8*r**3 + r**2 - r + 1. What is the units digit of j(s)?
9
Suppose 28 + 11 = 3*u. What is the units digit of u?
3
Let w(j) = 13*j**3 + j**2 - j. Let g be w(2). Let o = g + -60. What is the tens digit of 1/(-2) + o/4?
1
Let j be 16/(-9) + (-4)/18. Suppose -2 = 2*n - 0*n. Let b = n - j. What is the units digit of b?
1
Let g be 6/(-4)*(-56)/21. Suppose -r + g + 4 = 0. Suppose -5*d - 3*i = -44, 3*i - 2*i = -d + r. What is the units digit of d?
0
Let r(z) = z**3 + 5*z**2 - 7*z - 2. Let u be r(-6). Suppose p + u*p + 23 = -v, -5*v = 2*p. Suppose 0 = v*w - 7 - 7. What is the units digit of w?
7
Suppose 4*a - 3*k = -8*k + 7, 4*a = -k + 27. What is the units digit of a?
8
Let x(g) = 2*g - 10. Let q = 20 + -13. Let u be x(q). Suppose u*t = -0*t + 20. What is the units digit of t?
5
Suppose -3*w - 4*n = -6*n - 957, 4*n = -3*w + 957. What is the hundreds digit of w?
3
Let z(y) be the first derivative of -y**2/2 - 5*y + 2. Suppose 5*l - 3*l + 14 = 0. What is the units digit of z(l)?
2
Suppose 5 = 7*k - 2*k. What is the units digit of k?
1
What is the units digit of (-3 + 1)*(-196)/8?
9
Suppose -2*a + 113 = -91. What is the units digit of a?
2
Let j(l) = l**3 - 5*l + 3. What is the units digit of j(5)?
3
Let k(g) = 4 - g**2 + 2*g - g + 0*g. Let t be k(0). What is the tens digit of (-4)/(-6)*66/t?
1
Let v = -27 + 33. Suppose v*k - 68 + 2 = 0. What is the tens digit of k?
1
Suppose 3*i - 19 = -d, 0*i - 9 = 4*d - 5*i. What is the units digit of d?
4
Let t(l) = -l**2 + 5*l + 1. Let n be (-2 + -6)*2/(-4). What is the units digit of t(n)?
5
Suppose 104 + 18 = 4*w + h, -142 = -5*w + 4*h. What is the tens digit of w?
3
Let l(h) = 16*h**2 + 2*h - 1. Let c be l(1). Let w = -37 + 29. Let p = c + w. What is the units digit of p?
9
Let n(c) = -2*c - 1. Let x be n(-2). What is the units digit of ((-54)/4)/x*-6?
7
Let z(k) = -k**3 - 5*k**2 + 4*k - 7. Let s be z(-6). Suppose 3*x - 15 = 3*y, -s*y - 9 = -x - 0*x. What is the units digit of x?
4
Let t = 21 - 7. What is the units digit of t?
4
Suppose -4*h = 0, 3*j - 32 = -j - h. Suppose -j = -c - 1. What is the units digit of c?
7
Let f be 3/(-2)*16/(-6). Suppose -72 = -f*y + y. What is the units digit of y?
4
Let g(w) = 6*w**2 - 3*w. Let m be g(2). Suppose 0 = -3*f + m - 0. Let u(l) = l + 1. What is the units digit of u(f)?
7
Let r(s) = 6*s - 3. Let j be r(-3). What is the units digit of (j/(-9))/(1/15)?
5
Let v be (0 - -2)*94/(-4). What is the units digit of 2/16 - v/8?
6
Let g be ((-2)/(-4) + 0)*-2. Let v be 10 - (1/g + -1). Suppose -2*y = 2*y - v. What is the units digit of y?
3
Let l = -8 - -14. Let c(p) = 2*p**2 - 9*p + 7. What is the units digit of c(l)?
5
Let o(s) = -s**3 + 4*s**2 - s + 4. Let p be o(4). Suppose p = d - 3*d. Let i = d + 3. What is the units digit of i?
3
Let l(c) = -c + 3. Let j be l(2). Let f = 2 + j. What is the units digit of f?
3
Let m(v) = -33*v - 1. Let p be m(-1). Let n = 15 - p. Let f = n + 26. What is the units digit of f?
9
Suppose g = 5, -5*g + 14 - 5 = -4*d. Suppose -55 = -2*q + 5*w, -d = 4*w + 8. Suppose 3*s = s + q. What is the tens digit of s?
1
Suppose -7*x = -10*x + 9. Suppose 39 = 2*g + x*n, 1 = -2*g + 3*n + 10. What is the units digit of g?
2
Let f(z) = 4*z - 5. Let v be f(2). Let o = v + 15. What is the tens digit of o?
1
Let j be -12*(2 + (-9)/3). Suppose 0 = -5*b - j + 42. What is the units digit of b?
6
Let a be 5/1*(-1 + 2). Suppose -2*i - a - 1 = 0. Let q = i + 6. What is the units digit of q?
3
Let l(k) = -2*k**3 - k**2 + 1. Let q be l(-1). What is the tens digit of 15 + q/((-4)/2)?
1
Let v(s) = s**3 - 5*s**2 - 2*s - 9. What is the units digit of v(7)?
5
Let d(u) = 5*u**2 + 8*u + 8. Let s(h) = 2*h**2 + 3*h + 3. Let t(o) = -3*d(o) + 8*s(o). Let z be -3 - 2*(-4 - -2). What is the units digit of t(z)?
1
Let y(q) = 3*q**2 - 11*q. Let m(h) = h**2 - 4*h. Let w(r) = -17*m(r) + 6*y(r). Let t be (36/(-3))/3 - 0. What is the units digit of w(t)?
8
Let h = 130 - 40. What is the units digit of h?
0
Suppose -5 = -k - 3. Let b = k + 2. What is the units digit of b?
4
Let z = 19 + -3. Suppose -7*l = -5*l. Suppose z = y - l*y. What is the tens digit of y?
1
Suppose -w = -1 - 1. Suppose 3*s = 15, w*d - 5*s + 8 = 1. What is the units digit of d?
9
Let q(w) = -w**3 - 32*w**2 - 64*w - 31. What is the tens digit of q(-30)?
8
Let g be 4/((-1)/3*-2). Suppose l + 2 = g. Let t(h) = -h**3 + 3*h**2 + 5*h - 2. What is the units digit of t(l)?
2
Let m = -92 + 39. Let y = m + 82. What is the units digit of y?
9
Suppose -3*x + 8 + 1 = 0. Sup